remainder when 2908 is divided by 108.
100
Calculate the remainder when 323 is divided by 47.
41
What is the remainder when 4631 is divided by 461?
21
Calculate the remainder when 20365 is divided by 34.
33
What is the remainder when 182 is divided by 49?
35
Calculate the remainder when 334 is divided by 12.
10
What is the remainder when 10434 is divided by 3?
0
What is the remainder when 155 is divided by 46?
17
What is the remainder when 323 is divided by 159?
5
What is the remainder when 252 is divided by 26?
18
Calculate the remainder when 22 is divided by 21.
1
What is the remainder when 254 is divided by 32?
30
Calculate the remainder when 83 is divided by 4.
3
What is the remainder when 2190 is divided by 198?
12
What is the remainder when 45 is divided by 16?
13
What is the remainder when 796 is divided by 21?
19
What is the remainder when 366 is divided by 127?
112
Calculate the remainder when 503 is divided by 63.
62
What is the remainder when 102 is divided by 49?
4
What is the remainder when 39 is divided by 10?
9
What is the remainder when 215 is divided by 71?
2
Calculate the remainder when 3315 is divided by 25.
15
Calculate the remainder when 4261 is divided by 82.
79
What is the remainder when 379 is divided by 13?
2
Calculate the remainder when 17062 is divided by 161.
157
What is the remainder when 2085 is divided by 116?
113
Calculate the remainder when 5542 is divided by 7.
5
What is the remainder when 753 is divided by 3?
0
Calculate the remainder when 315 is divided by 20.
15
What is the remainder when 342 is divided by 152?
38
Calculate the remainder when 73 is divided by 25.
23
Calculate the remainder when 1298 is divided by 14.
10
What is the remainder when 21601 is divided by 14?
13
What is the remainder when 1184 is divided by 17?
11
Calculate the remainder when 5542 is divided by 36.
34
Calculate the remainder when 78 is divided by 42.
36
Calculate the remainder when 3397 is divided by 40.
37
What is the remainder when 79 is divided by 30?
19
What is the remainder when 10 is divided by 4?
2
What is the remainder when 692 is divided by 57?
8
What is the remainder when 123 is divided by 20?
3
What is the remainder when 600 is divided by 17?
5
What is the remainder when 108 is divided by 40?
28
What is the remainder when 183 is divided by 31?
28
What is the remainder when 184 is divided by 11?
8
What is the remainder when 176 is divided by 47?
35
Calculate the remainder when 33118 is divided by 184.
182
What is the remainder when 222 is divided by 57?
51
Calculate the remainder when 3726 is divided by 8.
6
Calculate the remainder when 236 is divided by 6.
2
What is the remainder when 22 is divided by 20?
2
What is the remainder when 229 is divided by 81?
67
What is the remainder when 72 is divided by 20?
12
What is the remainder when 1726 is divided by 7?
4
What is the remainder when 305 is divided by 77?
74
Calculate the remainder when 75 is divided by 40.
35
What is the remainder when 274 is divided by 26?
14
Calculate the remainder when 713 is divided by 86.
25
Calculate the remainder when 6343 is divided by 19.
16
Calculate the remainder when 69 is divided by 3.
0
What is the remainder when 213 is divided by 39?
18
Calculate the remainder when 614 is divided by 89.
80
What is the remainder when 369 is divided by 31?
28
Calculate the remainder when 406 is divided by 41.
37
Calculate the remainder when 989 is divided by 15.
14
Calculate the remainder when 43 is divided by 29.
14
What is the remainder when 1834 is divided by 2?
0
Calculate the remainder when 2394 is divided by 75.
69
What is the remainder when 114 is divided by 23?
22
Calculate the remainder when 554 is divided by 102.
44
What is the remainder when 274 is divided by 69?
67
Calculate the remainder when 1082 is divided by 91.
81
What is the remainder when 14590 is divided by 4859?
13
Calculate the remainder when 85 is divided by 30.
25
What is the remainder when 40 is divided by 22?
18
Calculate the remainder when 256 is divided by 4.
0
What is the remainder when 56 is divided by 43?
13
What is the remainder when 63 is divided by 30?
3
What is the remainder when 302 is divided by 115?
72
Calculate the remainder when 137 is divided by 128.
9
What is the remainder when 7699 is divided by 20?
19
What is the remainder when 4119 is divided by 1023?
27
Calculate the remainder when 274 is divided by 46.
44
What is the remainder when 36958 is divided by 15?
13
What is the remainder when 70 is divided by 62?
8
What is the remainder when 2015 is divided by 144?
143
Calculate the remainder when 125 is divided by 32.
29
Calculate the remainder when 502 is divided by 21.
19
What is the remainder when 14 is divided by 13?
1
Calculate the remainder when 240 is divided by 32.
16
Calculate the remainder when 3454 is divided by 288.
286
Calculate the remainder when 363 is divided by 73.
71
What is the remainder when 1406 is divided by 70?
6
What is the remainder when 298 is divided by 30?
28
What is the remainder when 147 is divided by 15?
12
What is the remainder when 1022 is divided by 151?
116
Calculate the remainder when 10164 is divided by 17.
15
Calculate the remainder when 83 is divided by 77.
6
What is the remainder when 492 is divided by 9?
6
What is the remainder when 781 is divided by 759?
22
Calculate the remainder when 61 is divided by 3.
1
Calculate the remainder when 442 is divided by 16.
10
Calculate the remainder when 517 is divided by 68.
41
What is the remainder when 98 is divided by 94?
4
What is the remainder when 620 is divided by 3?
2
What is the remainder when 382 is divided by 65?
57
What is the remainder when 138 is divided by 128?
10
What is the remainder when 179 is divided by 42?
11
What is the remainder when 97 is divided by 93?
4
Calculate the remainder when 87 is divided by 77.
10
Calculate the remainder when 44 is divided by 1.
0
Calculate the remainder when 195 is divided by 186.
9
What is the remainder when 2108 is divided by 22?
18
Calculate the remainder when 348 is divided by 11.
7
Calculate the remainder when 456 is divided by 42.
36
What is the remainder when 131 is divided by 29?
15
Calculate the remainder when 1831 is divided by 19.
7
Calculate the remainder when 245 is divided by 68.
41
What is the remainder when 188 is divided by 152?
36
Calculate the remainder when 9344 is divided by 183.
11
What is the remainder when 63 is divided by 11?
8
What is the remainder when 292 is divided by 66?
28
What is the remainder when 256 is divided by 29?
24
Calculate the remainder when 281 is divided by 98.
85
What is the remainder when 231 is divided by 58?
57
What is the remainder when 7251 is divided by 18?
15
Calculate the remainder when 37930 is divided by 174.
172
Calculate the remainder when 1146 is divided by 2.
0
Calculate the remainder when 411 is divided by 23.
20
What is the remainder when 683 is divided by 32?
11
Calculate the remainder when 153 is divided by 130.
23
Calculate the remainder when 70 is divided by 5.
0
Calculate the remainder when 139 is divided by 35.
34
What is the remainder when 115 is divided by 60?
55
What is the remainder when 5448 is divided by 79?
76
What is the remainder when 819 is divided by 48?
3
Calculate the remainder when 977 is divided by 14.
11
Calculate the remainder when 429 is divided by 6.
3
Calculate the remainder when 78 is divided by 8.
6
What is the remainder when 157 is divided by 7?
3
Calculate the remainder when 1119 is divided by 35.
34
What is the remainder when 566 is divided by 59?
35
Calculate the remainder when 152 is divided by 43.
23
What is the remainder when 1435 is divided by 17?
7
What is the remainder when 133 is divided by 9?
7
What is the remainder when 223 is divided by 34?
19
Calculate the remainder when 1996 is divided by 1986.
10
What is the remainder when 20 is divided by 5?
0
What is the remainder when 51 is divided by 27?
24
Calculate the remainder when 186 is divided by 17.
16
Calculate the remainder when 192 is divided by 24.
0
Calculate the remainder when 222 is divided by 110.
2
Calculate the remainder when 94 is divided by 24.
22
What is the remainder when 10250 is divided by 233?
231
What is the remainder when 115 is divided by 13?
11
Calculate the rema